n) = n**2 + 10*n + 15. Let h be w(8). Suppose h = m + m - b, -3*m - b = -231. What is the greatest common divisor of m and 13?
13
Let c be (-34)/(-119) - (-430)/14. What is the highest common factor of 403 and c?
31
Let v = -32 + 40. Let y = v + 7. What is the greatest common divisor of y and 15?
15
Let k be 986/22 + 10/55. Let o = k + -39. Calculate the highest common factor of o and 9.
3
Let t = -109 + 110. Suppose 2*i = -5*o + 3, 0*i + i = 3*o - 4. Calculate the highest common factor of o and t.
1
Let c = -16 - -29. Let u be 2/c + 267/39. What is the greatest common divisor of u and 77?
7
Suppose 0 = 11*s - 2*s - 855. Calculate the greatest common divisor of 475 and s.
95
Let j be (18/(-2))/((-6)/4). Let t(p) = 39*p + 22 - 81*p + 41*p. Let z be t(10). Calculate the highest common divisor of z and j.
6
Suppose -24 = 2*i - 5*y, -3*i - 5*y - 26 = -10*y. Let n be (i - -2) + -1 - -5. Let j = n + -2. Calculate the highest common factor of 8 and j.
2
Let o be 223 - ((-9)/3 - -2). Let b be -4*(-102)/30 + (-10)/(-25). Calculate the highest common divisor of b and o.
14
Suppose 0 = -3*k - z + 239, 4*k + 0*k = -z + 318. Let g be k/3 - 1/3. Let p = 3537 - 3498. What is the highest common factor of p and g?
13
Suppose 2*l - 5*y - 3755 = 0, -2427 = -5*l - 2*y + 6946. What is the greatest common divisor of 15 and l?
15
Let q(z) = -88*z + 5. Let m be q(-1). Let d = m - 63. What is the greatest common divisor of d and 12?
6
Let l = -306 + 511. Calculate the greatest common divisor of l and 164.
41
Suppose 4*j + 127 = 2*n - 63, 0 = -2*j + 10. Calculate the highest common factor of 15 and n.
15
Let j = -501 - -1002. Suppose -5*x + j = -549. What is the highest common divisor of x and 30?
30
Let k(y) = 3*y**2 + 2*y - 6. Let o be -9*(4/(-6) - 8/(-6)). Let h be k(o). Calculate the highest common divisor of 10 and h.
10
Suppose -g + 5*r + 30 = 6*r, g + 2*r = 30. Let z be (8/10)/((-3)/(-30)). Let y(f) = f**2 - 7*f - 2. Let t be y(z). What is the highest common factor of t and g?
6
Suppose -f - 6*f = 28. Let c(o) = -3*o - 10. Let a be c(f). Suppose -4*j - 2*v = -244, -3*j + 116 = -j - a*v. What is the highest common factor of j and 24?
12
Let w = -227 + 357. Suppose -3*t - t + 90 = -3*q, -5*t + w = 5*q. What is the greatest common factor of 168 and t?
24
Suppose 10*o = 12*o + 2, 2*x = -5*o + 9. Suppose -616 = 5*g - x*g. What is the highest common divisor of g and 28?
28
Let r be 12*1*1/3. Let j be (-1)/r - (-50)/40. Let f be (-427 + -1)/(-4) + j. Calculate the greatest common factor of f and 12.
12
Suppose -8*v - 1680 = -13*v. What is the highest common divisor of 7 and v?
7
Suppose -3*b + 350 = 104. Calculate the greatest common factor of b and 246.
82
Let l(t) = t**2 - 10*t - 2. Let j be l(9). Let d(b) = -b**2 - 12*b + 11. Let x be d(j). What is the greatest common divisor of x and 22?
22
Let u(o) = o - 5*o - 4 - o**3 - o**2 + 2*o. Let s be u(-4). What is the greatest common divisor of 78 and s?
26
Suppose 2*l - 5 = -3*h, -2*l - 2*h + 1 = -3. Let u be (12 - 13)/(l/(-44)). Let p be (-1)/(-2) - 219/(-2). Calculate the greatest common factor of p and u.
22
Let v(h) = 3*h + 766. Let y be v(-42). What is the highest common divisor of y and 120?
40
Let b be -1 - (-1)/((-6)/(-132)). Calculate the greatest common factor of b and 42.
21
Suppose -u = u - f - 97, -270 = -5*u - 3*f. Let j = u - 24. Suppose 3*k + 2*p - 51 = -p, 4*p = -4. What is the greatest common factor of j and k?
9
Let v(n) = -2*n**3 + 17*n**2 - 15*n + 1. Let q be v(6). What is the greatest common factor of q and 14?
7
Let d be 34*4/(5 - -3). Let s = -11 + d. Let y be (-7)/((-28)/6)*s. What is the highest common divisor of y and 1?
1
Let p(j) = j - 8. Let m be p(11). Let h be (m + 2)*(-6)/(-5). Calculate the greatest common factor of 2 and h.
2
Suppose 0 = -4*b - 20 + 36. Suppose -b*l - 19 = -107. What is the highest common factor of l and 2?
2
Let w be (-12)/9 + (-3816)/(-27). Let u(i) = -i**2 + 7*i + 5. Let s be u(-4). Let n = -19 - s. Calculate the greatest common divisor of w and n.
20
Let t = 48 - 44. Suppose -3*h + 63 = t*a, 0*a - 2*a = 0. Calculate the greatest common divisor of h and 3.
3
Let t be (-2)/7 - (-9816)/56. Suppose -23 = -2*i - t. Let w be i*(3 - 7/2). What is the greatest common divisor of 19 and w?
19
Suppose -4*t + 384 = 20*t. Calculate the greatest common divisor of 464 and t.
16
Suppose 5*i = -4*o + 3935, -68*i = -71*i - 15. Calculate the greatest common factor of o and 440.
110
Let v = -418 + 232. Let m = 1056 - 727. Let y = m + v. Calculate the greatest common factor of 13 and y.
13
Suppose -3*m = 3*b - 522, 2*b - 1 = 5. Calculate the highest common factor of m and 27.
9
Let b be 3*3 + (36 - 29). Let k(g) = g**2 - g + 112. Let v be k(0). Calculate the greatest common factor of v and b.
16
Let z(r) = 11 + 14*r + 22*r + r**3 - 28*r + 8*r**2. Let d be z(-7). What is the highest common factor of 36 and d?
4
Let l be 1*9*(-4)/6. Let a = l - -8. Suppose -2*m - 4*i + 24 = i, 0 = 2*m + a*i - 36. What is the highest common factor of m and 55?
11
Suppose 0 = -2*j + 2 + 6. Suppose -3*n - j*b + 84 = 0, 3*b - 63 = -4*n + 56. Let g be (-1)/(1 - 225/224). Calculate the highest common factor of g and n.
32
Let h = 515 - 509. What is the highest common factor of 18 and h?
6
Let v(u) = u**3 - 5*u**2 + 9*u + 7. Let k be 2/(-3) + (-69)/(-9). Let d be v(k). Suppose 126 = 42*o - 36*o. What is the greatest common factor of o and d?
21
Let f = 1567 + -1467. Calculate the greatest common factor of 160 and f.
20
Let f = 4393 - 2339. Calculate the highest common factor of 26 and f.
26
Let v(b) = b**3 - 10*b**2 + 11*b - 12. Let j be v(9). Let y(c) = -c**3 - 9*c**2 - 7*c + 51. Let z be y(-7). What is the highest common divisor of j and z?
2
Let y be (-3 - -5) + 21 + -1. Let b be y/99 - (-2)/(-9). Suppose 5*p = -3*r + p + 365, b = -2*r - 2*p + 240. Calculate the greatest common divisor of 23 and r.
23
Let w = 41 - 38. Suppose 20*r - w*r = 408. Calculate the highest common divisor of 24 and r.
24
Suppose 3*d = -4*x + 613, -151 = -x - 37*d + 34*d. What is the highest common divisor of x and 42?
14
Suppose -l = -29 + 25, -5*i - 4*l = -466. Calculate the greatest common divisor of 585 and i.
45
Let t = 23 - 29. Let i(r) = 2*r**2 + 5*r + 2. Let v be i(t). What is the highest common factor of 110 and v?
22
Let w be 65 - 5 - 9/3. What is the greatest common divisor of 513 and w?
57
Suppose -89 = -c + y, 4*c - 137 - 204 = y. Let r(f) = 6 - 1 + 2*f + 3. Let j be r(10). What is the greatest common factor of c and j?
28
Let h be (11 - (-1 + 0))*-1. Let g be (-1 + -2)/(8/56). Let c be g/h*1*4. Calculate the greatest common divisor of c and 63.
7
Suppose -2*g = -2*b + 40, -2*b - 3*g = -7*g - 48. What is the greatest common divisor of b and 176?
16
Let h = 1171 + -1107. Calculate the highest common divisor of 56 and h.
8
Suppose -46*u + 49*u = 12. Let c be 12/8 - 1/(-2). Calculate the highest common factor of c and u.
2
Let t(f) = -2*f + 4. Let n be t(4). Let b = n - -18. Suppose 777 = -36*u + 6321. Calculate the greatest common divisor of b and u.
14
Let g(b) = b + 1. Let w be g(4). Let q be 122/w + (-4)/10. Let h = -1738 + 1746. Calculate the greatest common factor of q and h.
8
Let g be 16/(-40) + 144/10. Let s be (30/4)/(-5) + 51/6. What is the highest common divisor of s and g?
7
Let h be (-41)/2*100/(-25). Let f = h + -30. Calculate the greatest common divisor of 26 and f.
26
Let a = 97 + -31. Suppose 293 = 2*q + 95. What is the highest common factor of a and q?
33
Let b = 10 + 37. Let p(h) = 2*h**2 + 9*h - 60. Let t be p(-11). Let w = t - b. What is the greatest common divisor of w and 12?
12
Suppose -110*k + 2596 = 616. Calculate the highest common divisor of 18 and k.
18
Let f = -79 + 82. Let y be (80*1)/4*f. What is the greatest common factor of 30 and y?
30
Let d be -6 + 6/72*-4*-54. What is the greatest common divisor of 156 and d?
12
Suppose -174 = -p + 2*q, -346 = -p - p + 2*q. Suppose 3*i = -2*c + 23, -4*c + 6*i = i + 9. Suppose p = 2*s - c. What is the highest common factor of s and 22?
22
Let s be (-42)/56 - (87/(-4) - 2). Suppose 42 = -s*h + 25*h. Calculate the highest common factor of h and 28.
7
Let f(g) = 2*g - 26. Let q(i) = -2 + 0 + 15*i - 5*i. Let a be q(2). Let y be f(a). What is the highest c